 divided by 62.
11
What is the remainder when 281 is divided by 140?
1
What is the remainder when 209 is divided by 92?
25
Calculate the remainder when 377 is divided by 27.
26
What is the remainder when 432 is divided by 14?
12
What is the remainder when 557 is divided by 40?
37
What is the remainder when 1462 is divided by 29?
12
Calculate the remainder when 477 is divided by 40.
37
What is the remainder when 1946 is divided by 245?
231
Calculate the remainder when 567 is divided by 282.
3
Calculate the remainder when 3192 is divided by 31.
30
Calculate the remainder when 10 is divided by 9.
1
Calculate the remainder when 3311 is divided by 48.
47
What is the remainder when 2159 is divided by 18?
17
Calculate the remainder when 54 is divided by 10.
4
What is the remainder when 303 is divided by 16?
15
What is the remainder when 1132 is divided by 16?
12
What is the remainder when 2116 is divided by 40?
36
Calculate the remainder when 5219 is divided by 87.
86
What is the remainder when 845 is divided by 568?
277
What is the remainder when 6223 is divided by 414?
13
Calculate the remainder when 204 is divided by 52.
48
Calculate the remainder when 85 is divided by 46.
39
Calculate the remainder when 3988 is divided by 30.
28
What is the remainder when 2076 is divided by 38?
24
What is the remainder when 156 is divided by 116?
40
Calculate the remainder when 3393 is divided by 121.
5
What is the remainder when 7533 is divided by 8?
5
Calculate the remainder when 78 is divided by 24.
6
Calculate the remainder when 373 is divided by 22.
21
What is the remainder when 8068 is divided by 367?
361
What is the remainder when 354 is divided by 339?
15
Calculate the remainder when 5261 is divided by 16.
13
Calculate the remainder when 120 is divided by 93.
27
What is the remainder when 149 is divided by 77?
72
What is the remainder when 59 is divided by 12?
11
Calculate the remainder when 163 is divided by 80.
3
What is the remainder when 214 is divided by 9?
7
Calculate the remainder when 364 is divided by 175.
14
Calculate the remainder when 165 is divided by 18.
3
Calculate the remainder when 1532 is divided by 64.
60
Calculate the remainder when 2531 is divided by 14.
11
Calculate the remainder when 3836 is divided by 350.
336
What is the remainder when 326 is divided by 102?
20
Calculate the remainder when 204 is divided by 18.
6
What is the remainder when 564 is divided by 71?
67
Calculate the remainder when 15258 is divided by 140.
138
Calculate the remainder when 155 is divided by 16.
11
Calculate the remainder when 10699 is divided by 2670.
19
What is the remainder when 42 is divided by 31?
11
What is the remainder when 1800 is divided by 86?
80
What is the remainder when 1201 is divided by 253?
189
Calculate the remainder when 426 is divided by 204.
18
What is the remainder when 609 is divided by 22?
15
What is the remainder when 432 is divided by 144?
0
What is the remainder when 89 is divided by 84?
5
Calculate the remainder when 38 is divided by 9.
2
What is the remainder when 104 is divided by 34?
2
What is the remainder when 216 is divided by 47?
28
What is the remainder when 238 is divided by 35?
28
What is the remainder when 458 is divided by 11?
7
What is the remainder when 226 is divided by 104?
18
What is the remainder when 285 is divided by 30?
15
Calculate the remainder when 232 is divided by 12.
4
Calculate the remainder when 5629 is divided by 128.
125
What is the remainder when 1485 is divided by 1469?
16
Calculate the remainder when 80 is divided by 35.
10
What is the remainder when 1521 is divided by 376?
17
Calculate the remainder when 126 is divided by 16.
14
What is the remainder when 269 is divided by 54?
53
What is the remainder when 84 is divided by 27?
3
Calculate the remainder when 34249 is divided by 21.
19
Calculate the remainder when 1923 is divided by 959.
5
Calculate the remainder when 482 is divided by 79.
8
Calculate the remainder when 3451 is divided by 11.
8
Calculate the remainder when 326 is divided by 68.
54
Calculate the remainder when 273 is divided by 11.
9
Calculate the remainder when 43 is divided by 40.
3
Calculate the remainder when 1706 is divided by 143.
133
What is the remainder when 438 is divided by 153?
132
What is the remainder when 314 is divided by 171?
143
Calculate the remainder when 2348 is divided by 47.
45
What is the remainder when 65 is divided by 26?
13
Calculate the remainder when 215 is divided by 44.
39
Calculate the remainder when 69 is divided by 35.
34
Calculate the remainder when 515 is divided by 260.
255
What is the remainder when 687 is divided by 184?
135
What is the remainder when 591 is divided by 54?
51
What is the remainder when 543 is divided by 32?
31
Calculate the remainder when 596 is divided by 15.
11
What is the remainder when 3341 is divided by 88?
85
What is the remainder when 566 is divided by 10?
6
Calculate the remainder when 121 is divided by 33.
22
What is the remainder when 103 is divided by 29?
16
What is the remainder when 504 is divided by 1?
0
What is the remainder when 327 is divided by 315?
12
What is the remainder when 611 is divided by 44?
39
Calculate the remainder when 1829 is divided by 61.
60
What is the remainder when 991 is divided by 325?
16
Calculate the remainder when 2480 is divided by 13.
10
What is the remainder when 1711 is divided by 22?
17
Calculate the remainder when 73 is divided by 16.
9
Calculate the remainder when 278 is divided by 48.
38
What is the remainder when 492 is divided by 15?
12
Calculate the remainder when 166 is divided by 18.
4
Calculate the remainder when 1001 is divided by 59.
57
Calculate the remainder when 131 is divided by 131.
0
Calculate the remainder when 928 is divided by 51.
10
What is the remainder when 1441 is divided by 282?
31
What is the remainder when 345 is divided by 22?
15
Calculate the remainder when 557 is divided by 32.
13
What is the remainder when 575 is divided by 558?
17
Calculate the remainder when 62 is divided by 21.
20
Calculate the remainder when 1383 is divided by 22.
19
Calculate the remainder when 219 is divided by 27.
3
Calculate the remainder when 225 is divided by 125.
100
What is the remainder when 630 is divided by 5?
0
Calculate the remainder when 141 is divided by 11.
9
Calculate the remainder when 284 is divided by 102.
80
Calculate the remainder when 2274 is divided by 82.
60
Calculate the remainder when 75 is divided by 21.
12
What is the remainder when 1040 is divided by 175?
165
What is the remainder when 23 is divided by 2?
1
Calculate the remainder when 209 is divided by 17.
5
Calculate the remainder when 49 is divided by 13.
10
Calculate the remainder when 1306 is divided by 2.
0
Calculate the remainder when 416 is divided by 106.
98
What is the remainder when 51 is divided by 7?
2
Calculate the remainder when 1034 is divided by 61.
58
What is the remainder when 1026 is divided by 313?
87
What is the remainder when 9513 is divided by 55?
53
What is the remainder when 192 is divided by 28?
24
Calculate the remainder when 373 is divided by 242.
131
Calculate the remainder when 35 is divided by 35.
0
Calculate the remainder when 507 is divided by 148.
63
Calculate the remainder when 1059 is divided by 44.
3
What is the remainder when 66200 is divided by 158?
156
What is the remainder when 895 is divided by 40?
15
What is the remainder when 8067 is divided by 2015?
7
Calculate the remainder when 236 is divided by 43.
21
Calculate the remainder when 1558 is divided by 26.
24
What is the remainder when 427 is divided by 146?
135
What is the remainder when 93 is divided by 24?
21
What is the remainder when 2783 is divided by 215?
203
What is the remainder when 525 is divided by 495?
30
What is the remainder when 571 is divided by 115?
111
What is the remainder when 183 is divided by 62?
59
What is the remainder when 219 is divided by 27?
3
Calculate the remainder when 122 is divided by 56.
10
What is the remainder when 7 is divided by 6?
1
What is the remainder when 169 is divided by 50?
19
What is the remainder when 455 is divided by 12?
11
What is the remainder when 148 is divided by 22?
16
What is the remainder when 434 is divided by 129?
47
What is the remainder 